he tens digit of 1393?
9
What is the thousands digit of 1752?
1
What is the thousands digit of 56409?
6
What is the units digit of 9034?
4
What is the units digit of 10388?
8
What is the hundreds digit of 428?
4
What is the hundreds digit of 818?
8
What is the hundreds digit of 5655?
6
What is the units digit of 115150?
0
What is the tens digit of 114994?
9
What is the tens digit of 1864?
6
What is the hundreds digit of 9282?
2
What is the tens digit of 1246?
4
What is the tens digit of 1457?
5
What is the units digit of 1092?
2
What is the units digit of 5965?
5
What is the ten thousands digit of 22212?
2
What is the hundreds digit of 79324?
3
What is the thousands digit of 49980?
9
What is the units digit of 425?
5
What is the tens digit of 45658?
5
What is the tens digit of 6612?
1
What is the units digit of 395?
5
What is the hundreds digit of 6417?
4
What is the hundreds digit of 32699?
6
What is the hundreds digit of 16006?
0
What is the hundreds digit of 86328?
3
What is the units digit of 10214?
4
What is the units digit of 33006?
6
What is the ten thousands digit of 38064?
3
What is the hundreds digit of 4787?
7
What is the tens digit of 13911?
1
What is the thousands digit of 3502?
3
What is the thousands digit of 1166?
1
What is the tens digit of 25335?
3
What is the thousands digit of 2917?
2
What is the units digit of 7166?
6
What is the tens digit of 925?
2
What is the tens digit of 564?
6
What is the units digit of 114?
4
What is the units digit of 2293?
3
What is the tens digit of 3011?
1
What is the tens digit of 861?
6
What is the units digit of 380?
0
What is the tens digit of 2679?
7
What is the units digit of 10066?
6
What is the thousands digit of 28365?
8
What is the thousands digit of 3068?
3
What is the tens digit of 97?
9
What is the tens digit of 884?
8
What is the units digit of 148716?
6
What is the units digit of 7148?
8
What is the hundreds digit of 23542?
5
What is the hundreds digit of 796?
7
What is the thousands digit of 1515?
1
What is the units digit of 4784?
4
What is the hundreds digit of 10263?
2
What is the hundreds digit of 493?
4
What is the hundreds digit of 75410?
4
What is the tens digit of 7539?
3
What is the ten thousands digit of 76673?
7
What is the hundreds digit of 58646?
6
What is the hundreds digit of 69967?
9
What is the hundreds digit of 3836?
8
What is the tens digit of 846?
4
What is the hundreds digit of 3318?
3
What is the units digit of 10250?
0
What is the hundreds digit of 860?
8
What is the thousands digit of 3098?
3
What is the ten thousands digit of 36485?
3
What is the ten thousands digit of 39553?
3
What is the tens digit of 479?
7
What is the tens digit of 46054?
5
What is the thousands digit of 1013?
1
What is the tens digit of 38438?
3
What is the units digit of 7369?
9
What is the thousands digit of 11139?
1
What is the units digit of 464?
4
What is the units digit of 1463?
3
What is the units digit of 5032?
2
What is the thousands digit of 18717?
8
What is the units digit of 440?
0
What is the hundreds digit of 183544?
5
What is the hundreds digit of 5115?
1
What is the hundreds digit of 1813?
8
What is the hundreds digit of 4464?
4
What is the hundreds digit of 1773?
7
What is the hundreds digit of 70162?
1
What is the units digit of 69434?
4
What is the tens digit of 1931?
3
What is the ten thousands digit of 67014?
6
What is the tens digit of 1296?
9
What is the tens digit of 4558?
5
What is the tens digit of 10428?
2
What is the tens digit of 24092?
9
What is the hundreds digit of 93101?
1
What is the units digit of 5811?
1
What is the thousands digit of 101306?
1
What is the units digit of 11709?
9
What is the hundreds digit of 3809?
8
What is the tens digit of 148691?
9
What is the tens digit of 32616?
1
What is the units digit of 3635?
5
What is the hundreds digit of 4370?
3
What is the thousands digit of 1007?
1
What is the tens digit of 296?
9
What is the hundreds digit of 23415?
4
What is the tens digit of 1677?
7
What is the ten thousands digit of 16727?
1
What is the units digit of 19058?
8
What is the hundreds digit of 4503?
5
What is the units digit of 7111?
1
What is the units digit of 618?
8
What is the ten thousands digit of 34792?
3
What is the hundreds digit of 741?
7
What is the units digit of 227?
7
What is the hundreds digit of 120?
1
What is the thousands digit of 3473?
3
What is the hundreds digit of 5861?
8
What is the thousands digit of 5096?
5
What is the thousands digit of 11908?
1
What is the hundreds digit of 20987?
9
What is the thousands digit of 1065?
1
What is the units digit of 745?
5
What is the units digit of 9262?
2
What is the hundreds digit of 3265?
2
What is the thousands digit of 6389?
6
What is the thousands digit of 11827?
1
What is the hundreds digit of 6492?
4
What is the tens digit of 1673?
7
What is the units digit of 100024?
4
What is the units digit of 1606?
6
What is the hundreds digit of 11278?
2
What is the hundreds digit of 582?
5
What is the hundreds digit of 251?
2
What is the ten thousands digit of 66857?
6
What is the hundreds digit of 12716?
7
What is the hundreds digit of 6043?
0
What is the tens digit of 3892?
9
What is the units digit of 3477?
7
What is the units digit of 957?
7
What is the thousands digit of 10442?
0
What is the units digit of 2273?
3
What is the thousands digit of 1382?
1
What is the units digit of 5399?
9
What is the tens digit of 1488?
8
What is the hundreds digit of 339?
3
What is the thousands digit of 1556?
1
What is the hundreds digit of 29414?
4
What is the ten thousands digit of 54536?
5
What is the units digit of 1033?
3
What is the tens digit of 1615?
1
What is the tens digit of 22356?
5
What is the tens digit of 877?
7
What is the units digit of 8115?
5
What is the tens digit of 189?
8
What is the hundreds digit of 988?
9
What is the tens digit of 1114?
1
What is the units digit of 4957?
7
What is the units digit of 9425?
5
What is the units digit of 68882?
2
What is the hundred thousands digit of 104990?
1
What is the ten thousands digit of 186225?
8
What is the hundreds digit of 15472?
4
What is the tens digit of 7249?
4
What is the tens digit of 3240?
4
What is the thousands digit of 32481?
2
What is the hundreds digit of 145002?
0
What is the hundreds digit of 2692?
6
What is the units digit of 9141?
1
What is the units digit of 1658?
8
What is the units digit of 29?
9
What is the ten thousands digit of 107276?
0
What is the units digit of 793?
3
What is the tens digit of 51614?
1
What is the tens digit of 32?
3
What is the ten thousands digit of 65489?
6
What is the tens digit of 7321?
2
What is the hundreds digit of 1008?
0
What is the tens digit of 9503?
0
What is the hundreds digit of 32226?
2
What is the tens digit of 9914?
1
What is the hundreds digit of 30922?
9
What is the hundreds digit of 4042?
0
What is the tens digit of 234?
3
What is the units digit of 177298?
8
What is the thousands digit of 20749?
0
What is the units digit of 37915?
5
What is the ten thousands digit of 56488?
5
What is the ten thousands digit of 30152?
3
What is the hundreds digit of 18788?
7
What is the ten thousands digit of 70837?
7
What is the units digit of 870?
0
What is the tens digit of 18681?
8
What is the units digit of 7452?
2
What is the hundreds digit of 92498?
4
What is the hundreds digit of 1594?
5
What is the ten thousands digit of 41014?
4
What is the ten thousands digit of 27048?
2
What is the tens digit of 28942?
4
What is the tens digit of 17460?
6
What is the thousands digit of 6894?
6
What is the tens digit of 27?
2
What is the tens digit of 46022?
2
What is the thousands digit of 2311?
2
What is the hundreds digit of 16662?
6
What is the tens digit of 166949?
4
What is the units digit of 47266?
6
What is the tens digit of 2343?
4
What is the thousands digit of 5865?
5
What is the thousands digit of 31500?
1
What is the hundreds digit of 1720?
7
What is the thousands digit of 26562?
6
What is the tens digit of 85024?
2
What is the hundreds digit of 2364?
3
What is the units digit of 19480?
0
What is the ten thousands digit of 12883?
1
What is the ten thousands digit of 21830?
2
What is the tens digit of 2310?
1
What is the units digit of 9007?
7
What is the units digit 